{"id":21,"date":"2013-04-12T08:16:33","date_gmt":"2013-04-12T08:16:33","guid":{"rendered":"http:\/\/www.getair.eu\/klima-agrar-industrie\/?page_id=21"},"modified":"2020-05-28T12:18:31","modified_gmt":"2020-05-28T12:18:31","slug":"impressum","status":"publish","type":"page","link":"https:\/\/www.getair.eu\/klima-agrar-industrie\/impressum\/","title":{"rendered":"Impressum"},"content":{"rendered":"<h3>getAir GmbH<\/h3>\n<p>Krefelder Stra\u00dfe 670<br \/>\n41066 M\u00f6nchengladbach<br \/>\nTelefon: <a href=\"tel:+492161990900\">+49 2161 &#8211; 990 90 &#8211; 0<\/a><br \/>\nTelefax: +49 2161 &#8211; 990 90 &#8211; 99<br \/>\nE-Mail: <a href=\"mailto:info@getair.eu\">info@getair.eu<\/a><\/p>\n<h3>Vertreten durch:<\/h3>\n<p>getAir Verwaltungs-GmbH<br \/>\nGesch\u00e4ftsf\u00fchrer: Gerald Harml<\/p>\n<h3>Registereintrag:<\/h3>\n<p>Eingetragen im Handelsregister<br \/>\nRegistergericht: M\u00f6nchengladbach<br \/>\nRegisternummer: HRB 16039<br \/>\nUSt. &#8211; IdNr.: DE 295548724<\/p>\n","protected":false},"excerpt":{"rendered":"<p>getAir GmbH Krefelder Stra\u00dfe 670 41066 M\u00f6nchengladbach Telefon: +49 2161 &#8211; 990 90 &#8211; 0 Telefax: +49 2161 &#8211; 990 90 &#8211; 99 E-Mail: info@getair.eu Vertreten durch: getAir Verwaltungs-GmbH Gesch\u00e4ftsf\u00fchrer: Gerald Harml Registereintrag: Eingetragen im Handelsregister Registergericht: M\u00f6nchengladbach Registernummer: HRB 16039 USt. &#8211; IdNr.: DE 295548724<\/p>\n","protected":false},"author":8,"featured_media":0,"parent":0,"menu_order":0,"comment_status":"open","ping_status":"open","template":"","meta":{"ngg_post_thumbnail":0},"yst_prominent_words":[21,15,11,18,73,22,16,24,20,14,10,8,17,12,72,26,27,23,75,74],"_links":{"self":[{"href":"https:\/\/www.getair.eu\/klima-agrar-industrie\/wp-json\/wp\/v2\/pages\/21"}],"collection":[{"href":"https:\/\/www.getair.eu\/klima-agrar-industrie\/wp-json\/wp\/v2\/pages"}],"about":[{"href":"https:\/\/www.getair.eu\/klima-agrar-industrie\/wp-json\/wp\/v2\/types\/page"}],"author":[{"embeddable":true,"href":"https:\/\/www.getair.eu\/klima-agrar-industrie\/wp-json\/wp\/v2\/users\/8"}],"replies":[{"embeddable":true,"href":"https:\/\/www.getair.eu\/klima-agrar-industrie\/wp-json\/wp\/v2\/comments?post=21"}],"version-history":[{"count":16,"href":"https:\/\/www.getair.eu\/klima-agrar-industrie\/wp-json\/wp\/v2\/pages\/21\/revisions"}],"predecessor-version":[{"id":3113,"href":"https:\/\/www.getair.eu\/klima-agrar-industrie\/wp-json\/wp\/v2\/pages\/21\/revisions\/3113"}],"wp:attachment":[{"href":"https:\/\/www.getair.eu\/klima-agrar-industrie\/wp-json\/wp\/v2\/media?parent=21"}],"wp:term":[{"taxonomy":"yst_prominent_words","embeddable":true,"href":"https:\/\/www.getair.eu\/klima-agrar-industrie\/wp-json\/wp\/v2\/yst_prominent_words?post=21"}],"curies":[{"name":"wp","href":"https:\/\/api.w.org\/{rel}","templated":true}]}}

<h3>getAir GmbH</h3>
<p>Krefelder Straße 670<br />
41066 Mönchengladbach<br />
Telefon: <a href="tel:+492161990900">+49 2161 &#8211; 990 90 &#8211; 0</a><br />
Telefax: +49 2161 &#8211; 990 90 &#8211; 99<br />
E-Mail: <a href="mailto:info@getair.eu">info@getair.eu</a></p>
<h3>Vertreten durch:</h3>
<p>getAir Verwaltungs-GmbH<br />
Geschäftsführer: Gerald Harml</p>
<h3>Registereintrag:</h3>
<p>Eingetragen im Handelsregister<br />
Registergericht: Mönchengladbach<br />
Registernummer: HRB 16039<br />
USt. &#8211; IdNr.: DE 295548724</p>

<p>getAir GmbH Krefelder Straße 670 41066 Mönchengladbach Telefon: +49 2161 &#8211; 990 90 &#8211; 0 Telefax: +49 2161 &#8211; 990 90 &#8211; 99 E-Mail: info@getair.eu Vertreten durch: getAir Verwaltungs-GmbH Geschäftsführer: Gerald Harml Registereintrag: Eingetragen im Handelsregister Registergericht: Mönchengladbach Registernummer: HRB 16039 USt. &#8211; IdNr.: DE 295548724</p>
