{"id":2715,"date":"2015-03-06T13:05:17","date_gmt":"2015-03-06T13:05:17","guid":{"rendered":"http:\/\/www.getair.eu\/klima-agrar-industrie\/?page_id=2715"},"modified":"2019-10-01T10:59:26","modified_gmt":"2019-10-01T10:59:26","slug":"profile-und-lamellen-fuer-die-lufttechnik","status":"publish","type":"page","link":"https:\/\/www.getair.eu\/klima-agrar-industrie\/produkte\/bauelemente-und-sonderanfertigungen\/profile-und-lamellen-fuer-die-lufttechnik\/","title":{"rendered":"Profile und Lamellen f\u00fcr die Lufttechnik"},"content":{"rendered":"<h2>Bauelemente<\/h2>\n<h3>Profile und Lamellen<\/h3>\n<ul>\n<li>Kunststoff-Lamellen und Rahmenprofile<\/li>\n<li>Gute Luftf\u00fchrung durch spezielle gleitf\u00e4hige Oberfl\u00e4chenstruktur<\/li>\n<li>Standardl\u00e4nge 4.000 mm; jedes Profil und jede Lamelle kann auf Ma\u00df zugeschnitten werden<\/li>\n<li>Auf Wunsch auch gr\u00f6\u00dfer als 4.000 mm m\u00f6glich<\/li>\n<li>Au\u00dfenwitterungs-Best\u00e4ndigkeit (UV-stabil)<\/li>\n<li>Einsetzbar in Temperaturbereichen von -30 \u00b0C bis +60 \u00b0C<\/li>\n<li>Spezifisch ausgelegte Konstruktion garantiert eine lange Lebensdauer<\/li>\n<li>Hergestellt aus Qualit\u00e4tskunststoff mit positiver \u00d6kobilanz<\/li>\n<\/ul>\n<div style=\"margin-bottom: 30px;\">\n<p><a class=\"alignleft\" href=\"http:\/\/www.getair.eu\/klima-agrar-industrie\/wp-content\/uploads\/2013\/06\/Lamelle_Produktbild.jpg\" rel=\"lightbox[lamelle]\"><span class=\"view-data\">Lamelle<\/span><img class=\"alignnone wp-image-104\" src=\"http:\/\/www.getair.eu\/klima-agrar-industrie\/wp-content\/uploads\/2013\/06\/Lamelle_Content_Thumb.jpg\" alt=\"produktbild\"><\/a><a class=\"alignleft\" href=\"http:\/\/www.getair.eu\/klima-agrar-industrie\/wp-content\/uploads\/2013\/06\/Gegengewichtslamelle_Produktbild.jpg\" rel=\"lightbox[gegengewichtslamelle]\"><span class=\"view-data\">Gegengewichtsl.<\/span><img class=\"alignnone wp-image-104\" src=\"http:\/\/www.getair.eu\/klima-agrar-industrie\/wp-content\/uploads\/2015\/03\/Gegengewichtslamelle_Thumb.jpg\" alt=\"zeichnung\"><\/a><a class=\"alignleft\" href=\"http:\/\/www.getair.eu\/klima-agrar-industrie\/wp-content\/uploads\/2013\/06\/Doppelsteglamelle_Produktbild.jpg\" rel=\"lightbox[doppelsteglamelle]\"><span class=\"view-data\">Doppelstegl.<\/span><img class=\"alignnone wp-image-104\" src=\"http:\/\/www.getair.eu\/klima-agrar-industrie\/wp-content\/uploads\/2015\/03\/Doppelsteglamelle_Thumb.jpg\" alt=\"zeichnung\"><\/a><a class=\"alignleft\" href=\"http:\/\/www.getair.eu\/klima-agrar-industrie\/wp-content\/uploads\/2013\/06\/Tropflamelle_Produktbild.jpg\" rel=\"lightbox[tropflamelle]\"><span class=\"view-data\">Tropflamelle<\/span><img class=\"alignnone wp-image-104\" src=\"http:\/\/www.getair.eu\/klima-agrar-industrie\/wp-content\/uploads\/2015\/03\/Tropflamelle_Thumb.jpg\" alt=\"zeichnung\"><\/a><\/p>\n<div class=\"clear\">&nbsp;<\/div>\n<\/div>\n<div style=\"margin-bottom: 30px;\">\n<p><a class=\"alignleft\" href=\"http:\/\/www.getair.eu\/klima-agrar-industrie\/wp-content\/uploads\/2013\/06\/Winkelprofil.jpg\" rel=\"lightbox[winkelprofil]\"><span class=\"view-data\">Winkelprofil<\/span><img class=\"alignnone wp-image-104\" src=\"http:\/\/www.getair.eu\/klima-agrar-industrie\/wp-content\/uploads\/2013\/06\/Winkelprofil_Content_Thumb.jpg\" alt=\"zeichnung\"><\/a><a class=\"alignleft\" href=\"http:\/\/www.getair.eu\/klima-agrar-industrie\/wp-content\/uploads\/2013\/06\/Rahmenprofil.jpg\" rel=\"lightbox[rahmenprofil]\"><span class=\"view-data\">Rahmenprofil<\/span><img class=\"alignnone wp-image-104\" src=\"http:\/\/www.getair.eu\/klima-agrar-industrie\/wp-content\/uploads\/2015\/03\/Rahmenprofil_thumb.jpg\" alt=\"zeichnung\"><\/a><a class=\"alignleft\" href=\"http:\/\/www.getair.eu\/klima-agrar-industrie\/wp-content\/uploads\/2013\/06\/Rahmenprofil_Flansch.jpg\" rel=\"lightbox[rahmenprofilflansch]\"><span class=\"view-data\">Profil mit Flansch<\/span><img class=\"alignnone wp-image-104\" src=\"http:\/\/www.getair.eu\/klima-agrar-industrie\/wp-content\/uploads\/2015\/03\/Rahmenprofil_Flansch_Thumb.jpg\" alt=\"zeichnung\"><\/a><a class=\"alignleft\" href=\"http:\/\/www.getair.eu\/klima-agrar-industrie\/wp-content\/uploads\/2015\/03\/1_kanalprofil.jpg\" rel=\"lightbox[kanalprofil]\"><span class=\"view-data\">Kanalprofil<\/span><img class=\"alignnone wp-image-104\" src=\"http:\/\/www.getair.eu\/klima-agrar-industrie\/wp-content\/uploads\/2015\/03\/1_kanalprofil_thumb.jpg\" alt=\"zeichnung\"><\/a><\/p>\n<div class=\"clear\">&nbsp;<\/div>\n<\/div>\n<div>\n<p><a class=\"alignleft\" href=\"http:\/\/www.getair.eu\/klima-agrar-industrie\/wp-content\/uploads\/2015\/03\/2_h-profil.jpg\" rel=\"lightbox[hprofil]\"><span class=\"view-data\">H-Profil<\/span><img class=\"alignnone wp-image-104\" src=\"http:\/\/www.getair.eu\/klima-agrar-industrie\/wp-content\/uploads\/2015\/03\/2_h-profil_thumb.jpg\" alt=\"zeichnung\"><\/a><a class=\"alignleft\" href=\"http:\/\/www.getair.eu\/klima-agrar-industrie\/wp-content\/uploads\/2015\/03\/3_f-profil.jpg\" rel=\"lightbox[fprofil]\"><span class=\"view-data\">F-Profil<\/span><img class=\"alignnone wp-image-104\" src=\"http:\/\/www.getair.eu\/klima-agrar-industrie\/wp-content\/uploads\/2015\/03\/3_f-profil_thumb.jpg\" alt=\"zeichnung\"><\/a><a class=\"alignleft\" href=\"http:\/\/www.getair.eu\/klima-agrar-industrie\/wp-content\/uploads\/2015\/03\/4_u-profil.jpg\" rel=\"lightbox[uprofil]\"><span class=\"view-data\">U-Profil<\/span><img class=\"alignnone wp-image-104\" src=\"http:\/\/www.getair.eu\/klima-agrar-industrie\/wp-content\/uploads\/2015\/03\/4_u-profil_thumb.jpg\" alt=\"zeichnung\"><\/a><\/p>\n<div class=\"clear\">&nbsp;<\/div>\n<\/div>\n<h2>&nbsp;<\/h2>\n<table style=\"width: 100%;\">\n<tbody>\n<tr>\n<th style=\"width: 205px;\" rowspan=\"2\">Bezeichnung<\/th>\n<th style=\"width: 150px;\" colspan=\"2\">Artikelnummer<\/th>\n<th style=\"width: 30px;\" rowspan=\"2\">B<\/th>\n<\/tr>\n<tr>\n<th class=\"darker\" style=\"width: 73px;\">Grau<\/th>\n<th class=\"darker\" style=\"width: 77px;\">Hellgrau<\/th>\n<\/tr>\n<tr>\n<td style=\"width: 205px;\">40er Lamelle<\/td>\n<td style=\"width: 73px;\">11100003<\/td>\n<td style=\"width: 77px;\">11100004<\/td>\n<td style=\"width: 30px;\">40<\/td>\n<\/tr>\n<tr>\n<td style=\"width: 205px;\">62erLamelle<\/td>\n<td style=\"width: 73px;\">11100015<\/td>\n<td style=\"width: 77px;\">11100016<\/td>\n<td style=\"width: 30px;\">62<\/td>\n<\/tr>\n<tr>\n<td style=\"width: 205px;\">85erLamelle<\/td>\n<td style=\"width: 73px;\">11100021<\/td>\n<td style=\"width: 77px;\">11100022<\/td>\n<td style=\"width: 30px;\">85<\/td>\n<\/tr>\n<tr>\n<td style=\"width: 205px;\">88erLamelle<\/td>\n<td style=\"width: 73px;\">11100027<\/td>\n<td style=\"width: 77px;\">11100028<\/td>\n<td style=\"width: 30px;\">88<\/td>\n<\/tr>\n<tr>\n<td style=\"width: 205px;\">92erLamelle<\/td>\n<td style=\"width: 73px;\">11100035<\/td>\n<td style=\"width: 77px;\">11100036<\/td>\n<td style=\"width: 30px;\">92<\/td>\n<\/tr>\n<tr>\n<td style=\"width: 205px;\">103er Gegengewichtslamelle<\/td>\n<td style=\"width: 73px;\">11100045<\/td>\n<td style=\"width: 77px;\">&#8211;<\/td>\n<td style=\"width: 30px;\">103<\/td>\n<\/tr>\n<tr>\n<td style=\"width: 205px;\">115er Gegengewichtslamelle<\/td>\n<td style=\"width: 73px;\">11100047<\/td>\n<td style=\"width: 77px;\">&#8211;<\/td>\n<td style=\"width: 30px;\">115<\/td>\n<\/tr>\n<tr>\n<td style=\"width: 205px;\">120er Gegengewichtslamelle<\/td>\n<td style=\"width: 73px;\">11100043<\/td>\n<td style=\"width: 77px;\">&#8211;<\/td>\n<td style=\"width: 30px;\">120<\/td>\n<\/tr>\n<tr>\n<td style=\"width: 205px;\">Doppelsteglamelle<\/td>\n<td style=\"width: 73px;\">11100041<\/td>\n<td style=\"width: 77px;\">&#8211;<\/td>\n<td style=\"width: 30px;\">120<\/td>\n<\/tr>\n<tr>\n<td style=\"width: 205px;\">Tropflamelle<\/td>\n<td style=\"width: 73px;\">11100260<\/td>\n<td style=\"width: 77px;\">11100261<\/td>\n<td style=\"width: 30px;\">25<\/td>\n<\/tr>\n<tr>\n<td style=\"width: 205px;\">Winkelprofil<\/td>\n<td style=\"width: 73px;\">&#8211;<\/td>\n<td style=\"width: 77px;\">11200002<\/td>\n<td style=\"width: 30px;\">&#8211;<\/td>\n<\/tr>\n<tr>\n<td style=\"width: 205px;\">Rahmenprofil<\/td>\n<td style=\"width: 73px;\">&#8211;<\/td>\n<td style=\"width: 77px;\">11200012<\/td>\n<td style=\"width: 30px;\">&#8211;<\/td>\n<\/tr>\n<tr>\n<td style=\"width: 205px;\">Rahmenprofil mit Flansch<\/td>\n<td style=\"width: 73px;\">&#8211;<\/td>\n<td style=\"width: 77px;\">11200014<\/td>\n<td style=\"width: 30px;\">&#8211;<\/td>\n<\/tr>\n<tr>\n<td style=\"width: 205px;\">Kanalprofil 30 mm<\/td>\n<td style=\"width: 73px;\">&#8211;<\/td>\n<td style=\"width: 77px;\">11200018<\/td>\n<td style=\"width: 30px;\">&#8211;<\/td>\n<\/tr>\n<tr>\n<td style=\"width: 205px;\">Kanalprofil25 mm<\/td>\n<td style=\"width: 73px;\">&#8211;<\/td>\n<td style=\"width: 77px;\">11200010<\/td>\n<td style=\"width: 30px;\">&#8211;<\/td>\n<\/tr>\n<tr>\n<td style=\"width: 205px;\">H-Profil 25 mm<\/td>\n<td style=\"width: 73px;\">&#8211;<\/td>\n<td style=\"width: 77px;\">11200004<\/td>\n<td style=\"width: 30px;\">&#8211;<\/td>\n<\/tr>\n<tr>\n<td style=\"width: 205px;\">F-Profil 25 mm<\/td>\n<td style=\"width: 73px;\">&#8211;<\/td>\n<td style=\"width: 77px;\">11200006<\/td>\n<td style=\"width: 30px;\">&#8211;<\/td>\n<\/tr>\n<tr>\n<td style=\"width: 205px;\">U-Profil 25 mm<\/td>\n<td style=\"width: 73px;\">&#8211;<\/td>\n<td style=\"width: 77px;\">11200008<\/td>\n<td style=\"width: 30px;\">&#8211;<\/td>\n<\/tr>\n<\/tbody>\n<\/table>\n<p class=\"table_info\">Ma\u00dfangaben in mm \/ Technische \u00c4nderungen vorbehalten hellgrau ~ RAL 7035 \/ grau ~ RAL 7001<\/p>\n","protected":false},"excerpt":{"rendered":"<p>Bauelemente Profile und Lamellen Kunststoff-Lamellen und Rahmenprofile Gute Luftf\u00fchrung durch spezielle gleitf\u00e4hige Oberfl\u00e4chenstruktur Standardl\u00e4nge 4.000 mm; jedes Profil und jede Lamelle kann auf Ma\u00df zugeschnitten werden Auf Wunsch auch gr\u00f6\u00dfer als 4.000 mm m\u00f6glich Au\u00dfenwitterungs-Best\u00e4ndigkeit (UV-stabil) Einsetzbar in Temperaturbereichen von -30 \u00b0C bis +60 \u00b0C Spezifisch ausgelegte Konstruktion garantiert eine lange Lebensdauer Hergestellt aus Qualit\u00e4tskunststoff [&hellip;]<\/p>\n","protected":false},"author":8,"featured_media":2385,"parent":218,"menu_order":10,"comment_status":"open","ping_status":"open","template":"produktdetails.php","meta":{"ngg_post_thumbnail":0},"yst_prominent_words":[138,94,190,119,185,117,197,186,618,207,189,617,616,187,129,198,188,614,619,615],"_links":{"self":[{"href":"https:\/\/www.getair.eu\/klima-agrar-industrie\/wp-json\/wp\/v2\/pages\/2715"}],"collection":[{"href":"https:\/\/www.getair.eu\/klima-agrar-industrie\/wp-json\/wp\/v2\/pages"}],"about":[{"href":"https:\/\/www.getair.eu\/klima-agrar-industrie\/wp-json\/wp\/v2\/types\/page"}],"author":[{"embeddable":true,"href":"https:\/\/www.getair.eu\/klima-agrar-industrie\/wp-json\/wp\/v2\/users\/8"}],"replies":[{"embeddable":true,"href":"https:\/\/www.getair.eu\/klima-agrar-industrie\/wp-json\/wp\/v2\/comments?post=2715"}],"version-history":[{"count":61,"href":"https:\/\/www.getair.eu\/klima-agrar-industrie\/wp-json\/wp\/v2\/pages\/2715\/revisions"}],"predecessor-version":[{"id":3095,"href":"https:\/\/www.getair.eu\/klima-agrar-industrie\/wp-json\/wp\/v2\/pages\/2715\/revisions\/3095"}],"up":[{"embeddable":true,"href":"https:\/\/www.getair.eu\/klima-agrar-industrie\/wp-json\/wp\/v2\/pages\/218"}],"wp:featuredmedia":[{"embeddable":true,"href":"https:\/\/www.getair.eu\/klima-agrar-industrie\/wp-json\/wp\/v2\/media\/2385"}],"wp:attachment":[{"href":"https:\/\/www.getair.eu\/klima-agrar-industrie\/wp-json\/wp\/v2\/media?parent=2715"}],"wp:term":[{"taxonomy":"yst_prominent_words","embeddable":true,"href":"https:\/\/www.getair.eu\/klima-agrar-industrie\/wp-json\/wp\/v2\/yst_prominent_words?post=2715"}],"curies":[{"name":"wp","href":"https:\/\/api.w.org\/{rel}","templated":true}]}}